e the third derivative of 0 + 1/2*y**4 - 1/60*y**5 + 0*y + 18*y**2 - 8/3*y**3. Calculate f(11).
-5
Let c = -26 - -30. Let s be (5*1)/(c/(-4)). Let q(m) be the first derivative of -m**3/3 - 2*m**2 + 6*m - 67. Give q(s).
1
Let p be ((-6)/3)/(-14) - 3900/(-91). Let z(a) = -4*a + 168. Give z(p).
-4
Let z(a) = 5*a**3 - 61*a**2 - 38*a - 111. Let c(d) = -d**3 + 15*d**2 + 10*d + 28. Let k = -738 - -729. Let t(m) = k*c(m) - 2*z(m). Calculate t(-12).
-6
Suppose -5*y + 22 = 4*r, -4 = 2*r - y + 6. Let g(c) = -19*c**2 - 3*c - 4. What is g(r)?
-74
Let p(u) = u - 8. Let a be p(6). Let s be 1 - (1 - 4) - 3. Let k(g) = -162*g + g**2 - 2*g**2 + s + 162*g. Give k(a).
-3
Let q(b) = -2*b - 6. Let x be 48/120 - 68*42/(-10). Let t = 290 - x. Determine q(t).
-14
Let j be -2 + 62/(-16) + 3 + 168/(-1344). Let y(z) = -4*z - 6. Determine y(j).
6
Let o(j) = -478 + 238 + 235 - 7*j + 2*j + 8*j + j**2. Calculate o(-4).
-1
Suppose -32 = 3*z + 77*c - 72*c, 3*z = -2*c - 20. Let p(o) be the first derivative of -o**2 - 6*o - 6. Determine p(z).
2
Let z(h) = h**2 + 22*h + 65. Suppose 17*f + 1260 = -53*f. Calculate z(f).
-7
Let t(g) = 2*g**2 + 48*g + 4. Let b be ((-144)/20)/((-169)/(-130) - 1). Calculate t(b).
4
Let d(q) = 2*q**2 - 25*q + 14. Let v be d(12). Let l be (v/6 + 2)/(1/3). Let c be l/(-14) - (-11)/2. Let u(s) = s**3 - 4*s**2 - 3*s - 6. Calculate u(c).
4
Let a(u) = 10*u - 12. Let o(l) = -7*l + 8. Let d be (21/(-6))/((-2)/4). Let w(n) = d*o(n) + 5*a(n). Let b be w(10). Let i(m) = -m + 8. Determine i(b).
2
Let p = -1771 - -1771. Let h(z) = -17*z + 4. What is h(p)?
4
Let n = -70 + 65. Let h be n - (-3 - -7 - -47). Let k be (-9)/(-2)*h/42. Let g(a) = a**3 + 5*a**2 - 3*a + 6. Give g(k).
-12
Let z(b) = 3*b - 1. Suppose 0 = 5*u - 25, 3*d = -5*u + 20 + 5. Suppose -4*l + 3*l + 2 = d. Suppose l*w = -2*v - 2, -v - 4*w + 1 = 8. What is z(v)?
2
Let g(x) = 9*x - 16. Suppose 28*m - 62*m = -11*m - 345. Calculate g(m).
119
Let l(p) = p**3 - 5*p**2 - 4*p - 5. Let c be 3 + (-4 + 4 - 3). Let m be (-7)/7 - (-7 + c). What is l(m)?
7
Let x(l) = -21*l - 28. Let h = -12225 + 12222. Give x(h).
35
Let j(t) = 6*t + 1. Let q be (78/(-65))/(2/(-555)) - 5. Let p be q/40 + -4 - (-2)/(-10). What is j(p)?
25
Let x(p) = -p**3 - 9*p - 3. Suppose -8*g = -27*g + 104*g. Give x(g).
-3
Let i(m) = -10*m - 40. Suppose -601*q + 3*o = -603*q - 29, -4*q - 44 = 4*o. Calculate i(q).
0
Let v(c) = c**2 - 2*c - 12. Suppose 12*j - 8*j + 16 = 0. Give v(j).
12
Let j(n) be the third derivative of n**6/360 - n**5/10 + 3*n**4/8 - 29*n**3/3 - 2*n**2 - 72. Let s(x) be the first derivative of j(x). Calculate s(11).
-2
Suppose -4*r + 8 + 12 = 0. Let j = 375 + -372. Suppose -5*c - 3*i - 14 = -3*c, -r*c + j = -2*i. Let a(g) = -4*g**3 + 2*g**2 - 1. Determine a(c).
5
Suppose 12*h + 24 = 14*h. Let p(i) = h*i - 8*i - 3*i + 9*i**2 + 1. Let m(r) = -r**2 + 3*r - 3. Let j be m(2). Calculate p(j).
9
Let a(u) be the third derivative of -u**5/60 - 7*u**4/3 + 583*u**3/6 - 6500*u**2. What is a(9)?
-2
Let j(u) be the third derivative of -13*u**4/12 + 57*u**3/2 - 3*u**2 - 75*u - 3. Calculate j(6).
15
Let o(k) = k + 14. Suppose -2*m + 108*n - 111*n = 45, -2*n = -2*m - 50. Give o(m).
-10
Let j(s) = -s**3 - 6*s**2 - 10*s - 7. Let q(z) = -14*z - 691. Let k be q(-49). Give j(k).
18
Let t(w) = w**2 + 8*w + 2. Let n be (-9216)/918 + (-12)/(-306). Calculate t(n).
22
Let u(p) = p**3 - 6*p**2 + 4*p - 3. Suppose 0 = -4*q - 2*w + 46 + 130, 0 = 2*q + 4*w - 100. Let h be 28/q - 16/(-3). Calculate u(h).
21
Suppose -52*c = -2*z - 51*c - 26, 0 = 2*z - 4*c + 20. Let m(w) = w**3 + 14*w**2 - 2*w - 3. Calculate m(z).
25
Let c(z) = -3*z**3 + 2*z**2 + 2*z + 1. Let m = 18 - 20. Let n be -4 - (5 + m + -6). Let f be n - (3/3 - 1). Calculate c(f).
4
Let p(c) = 0*c**3 - 860*c - 19*c**2 - 3*c**3 + 18 + 878*c. Determine p(-7).
-10
Let x(z) = -17*z**3 + 28*z**2 + 40*z - 50. Let b(w) = 11*w**3 - 18*w**2 - 26*w + 33. Let g(y) = 11*b(y) + 7*x(y). Determine g(2).
9
Let u(y) = 3*y + 8. Suppose 69*m - 178 = -40. Let v be -9 + 88/11 + m + -1. Give u(v).
8
Let c(l) = l**3 + 5*l**2 + 6*l + 3. Suppose 3*p = p + 120. Let q = 28 + p. Suppose q*h - 84*h = -16. Determine c(h).
-5
Let s(b) be the first derivative of b**3/3 + 4*b**2 + 16*b - 76. Let u be s(-4). Let a(n) = -n + 2. Determine a(u).
2
Suppose 4*w = -2*u + 4, 0*w + 5*w - 5 = 3*u. Let c be w - (-2 + 3/1). Let a(n) be the first derivative of n**4/4 + n**3/3 + n**2/2 + 6*n + 11951. Give a(c).
6
Let j(v) = v**2 + v - 11. Let a be (-13)/2 - 5/30*-3. What is j(a)?
19
Let d(z) be the first derivative of z**4/24 - 4*z**3/3 - 5*z**2/2 - z - 85. Let m(a) be the second derivative of d(a). Calculate m(12).
4
Let v(d) be the third derivative of d**5/60 - d**4/12 - 6*d**2. Let l(k) = 2*k**2 + 6*k - 5. Let h be l(-5). Let i be (h/2)/(-5)*-2. Calculate v(i).
3
Let f(i) = -8*i - 7. Suppose 4*p = -4*y - 40, -2*p = -y - 103 + 123. Give f(p).
73
Let d(r) = 4*r**2 - 14384 - 5*r**2 + 2*r + 14382. Suppose -28 = -u - 6*u. Give d(u).
-10
Suppose 2*g + 5 = 5*v, -74*g = -70*g + v - 67. Let t(b) = -b**3 + 17*b**2 - 27*b - 24. Determine t(g).
21
Let a(r) = 64381*r + 92 + 48*r**2 - 64335*r - 46*r**2. Determine a(-21).
8
Let z(t) = 2*t**2 + 24*t + 26. Let w be 11/((0 + -13)/13). Determine z(w).
4
Let j(r) = -4*r**2 - 10. Let f(m) = 74*m**2 - 446*m + 15. Let o be f(6). What is j(o)?
-46
Let s(t) = -67*t + 128. Let o(h) = -2*h**2 + 32*h + 2. Let f be o(16). Calculate s(f).
-6
Let c(g) be the second derivative of -g**4/6 + 5*g**3/6 - 11*g**2/2 + 1889*g. What is c(4)?
-23
Let l(u) = -u**2 - 41*u - 308. Let a be l(-10). Let h(r) be the first derivative of a*r - 3/2*r**2 - 38. Give h(-3).
11
Suppose -106 = 37*r - 123*r + 33*r. Let y(h) = -2*h**3 - 2*h**2 - 2*h + 4. Calculate y(r).
-24
Suppose 0 = -90*u - 77*u + 835. Let v(z) = -z + 0*z + 2 + 2*z. Let x(g) = g + 1. Let j(h) = u*v(h) - 6*x(h). Determine j(10).
-6
Let k(z) = -5*z**2 - 13*z - 21. Let x(b) = 11*b**2 + 26*b + 44. Let a(i) = -9*k(i) - 4*x(i). Calculate a(-13).
13
Let n(y) = 55*y**2 - 26*y**2 + 44 - 30*y**2 - 3*y. Let s be n(5). Let p(z) = -s*z + 3 - 12 + 6*z. Determine p(6).
3
Let v(z) = -6*z**2 - 6*z + 5. Let x be v(1). Let n(l) = l**2 + 7*l - 2. Let w be n(x). Let b(u) = -u**3 - 2*u**2 - 3*u - 2. Calculate b(w).
4
Let i(r) = -r**3 + r**2 + 19*r - 34. Let v = -4313 - -4317. Give i(v).
-6
Let a(l) = -l - 1. Let u be (-27 - -26) + (-3 - (0 - 10)). Let j be 5/u + 37/222. Calculate a(j).
-2
Let u(s) = s**2 + 14*s + 4. Let f = -13169 - -13169. Calculate u(f).
4
Suppose 0 = -j - u - 3, -4*j - 10 = -2*j - 2*u. Let a = -6 - j. Let v(t) be the first derivative of t**2/2 + 4*t + 87689. Determine v(a).
2
Let a = -3 - 5. Let o(v) = -v**2 - 10189 + 3397 + 3399 - 10*v + 3402. Determine o(a).
25
Let x(u) = -u**2 + 3*u + 8. Let p = 69 - 45. Let h = 23 - p. Let o be ((-4)/h)/((-4)/(-6)). What is x(o)?
-10
Suppose 3*q + 8 = 5*y, -5*q - 2*y + 22 = -6. Suppose 33*s + q = 29*s. Let g(n) = -6*n. Determine g(s).
6
Let f(u) = u**3 + 7*u**2 - 12*u - 17. Let s = 1725 + -1733. Calculate f(s).
15
Let g(w) be the first derivative of -w**3/6 + 7*w**2/2 + 40*w - 48. Let i(h) be the first derivative of g(h). Determine i(6).
1
Let v(l) = l**3 - 68*l**2 + 428*l - 61. Let w be v(61). Let b(y) be the first derivative of 0*y**3 + 0*y**2 + 11/4*y**4 + w*y + 24. Determine b(1).
11
Let q(i) = 18*i + 2. Let r(o) be the third derivative of -9*o**4/8 - o**3/2 + 22*o**2 - o. Let k(w) = 7*q(w) + 5*r(w). What is k(-1)?
8
Let u(n) = -n**3 - 2*n**2 + 1. Let c be 6/(-4) - 70/20 - -33. Suppose -c*l = 16 + 40. What is u(l)?
1
Let y be 4/(-3)*12/8 + 5. Let g(m) be the second derivative of 1/12*m**4 + 0 - 1/2*m**3 + 5*m - m**2. Give g(y).
-2
Suppose 2*a = -12, -2*w = -4*a + a + 36. Let v(r) = 3*r + 103. What is v(w)?
22
Let h(a) = a**2 - 13*a - 27. Suppose -30 = 16*u + 18*u - 36*u. Calculate h(u).
3
Let o(v) be the first derivative of 112 + 7*v - 9/2*v**2 + 1/3*v**3. Determine o(9).
7
Let b(q) = -4*q**2 - q + 12. Let i(u) = 11*u**2 + 3*u - 33. Suppose 3*n = 4*r + 1, 0 = -3*n - 6*r + 5*r + 11. Let w(l) = n*i(l) + 8*b(l). Determine w(3).
9
Let r(b) = 9*b**3 + 13*b**2 - 62*b + 15. Let y(g) = 7*g**3 + 16*g**2 - 60*g + 16. Let s(m) = -4*r(m) + 5*y(m). Determine s(26).
20
Let k(z) = z + 4. Let b be k(-4). Let j(x) be the first derivative of 1/4*x**4 - 1/2*x**2 +